t d(g) = 4*g + 5. Let m(l) = l. Let c(f) = d(f) - 3*m(f). Suppose -3*v - 14 - 9 = 4*z, v - 3*z - 1 = 0. Let y be 1/(6/v - -1). Give c(y).
0
Suppose 4*m + 3 = -13, 2*g - 18 = 2*m. Let y be (2/25)/((-2)/20)*g. Let w(j) = j**2 + 6*j + 6. What is w(y)?
-2
Suppose -2*z - 9 = -5*z. Suppose -2*j - 2*p + 0 - 8 = 0, j + 16 = -4*p. Let s(h) = -h - 924 + j*h**2 + h**3 + 920 - 3*h**2. Give s(z).
-7
Let z = -205 - -195. Let s(p) = p - 10. Calculate s(z).
-20
Let k(n) = n**2 + 6*n - 26. Let l be (-78)/24 + 3 + (-105)/12. What is k(l)?
1
Let t(v) = v**2 - 2*v + 4. Let z be (-120)/42*(-28)/8. Let h be 150/(-45)*(-12)/z. Give t(h).
12
Let o(l) = 5*l**2 + 17*l + 5. Let u(r) = 11*r**2 + 39*r + 11. Let g(a) = 14*o(a) - 6*u(a). What is g(-1)?
4
Let a(z) = 57*z + 7 - 628*z**2 + 627*z**2 - 55*z. Give a(3).
4
Let n(f) = f + 2. Suppose 13*a + 88 = 5*a. Let c(u) = 3*u + 28. Let g be c(a). What is n(g)?
-3
Let p(q) = 131 + 12*q - 6*q**2 - 144 - 2*q**3 + q**3 + 16*q**2. Suppose -71 = -5*h + f + 3*f, -2*f = 4*h - 36. Calculate p(h).
-2
Let j(p) = 8*p - 122. Suppose 3*q + 15 - 60 = 0. Let l be j(q). Let t(v) = -7*v + 2. Let m(g) = 7*g - 2. Let z(b) = 4*m(b) + 5*t(b). What is z(l)?
16
Let a(f) be the second derivative of -3*f**2 + 11*f + 0 - 1/6*f**3. Determine a(5).
-11
Let n(l) = -l - 4. Let d(h) = -3*h - 7. Let u(w) = -3*w - 8. Let y(k) = -3*d(k) + 4*u(k). Let r be (3*4)/(9/6). Let f(s) = r*n(s) - 3*y(s). What is f(0)?
1
Let n(l) = l**3 + 7*l**2 + 4*l - 6. Let p(h) = -h**2 + h**3 + 2 - h**2 - 6 + 3*h + 2. Let m be p(4). Let j be ((-12)/14)/(6/m). What is n(j)?
6
Let h(k) be the first derivative of -k**3/6 + 7*k**2/2 + 25*k + 27. Let p(t) be the first derivative of h(t). Give p(8).
-1
Let j(t) = -t**2 + 7*t - 8. Let o be 0/(-4 + 2) + -3. Let i(w) = -w**2 + 7*w - 8. Let x(f) = o*i(f) + 4*j(f). Calculate x(7).
-8
Let o = -1241 + 1241. Let i(j) be the third derivative of -7/24*j**4 + o*j - 1/60*j**5 + 0 + 5/6*j**3 + 7*j**2. Determine i(-8).
-3
Let i(t) = 3*t + 11. Let b(o) = -o + 17. Let l be b(26). Determine i(l).
-16
Let h(s) = 0*s**3 + 3*s + 5*s**2 + 4 + s**3 + 3. Suppose 400 = -44*y + 21*y - 57*y. Determine h(y).
-8
Let g = 208 - 208. Let y(n) be the second derivative of g - 1/3*n**3 - n**2 + n. Determine y(-2).
2
Let p(x) = -5 - 9 - 2*x - 1. What is p(-10)?
5
Let j(s) = 4*s**2 + 2*s - 1. Let r = 199 + -201. Calculate j(r).
11
Let i(n) be the third derivative of n**5/60 - 5*n**4/24 - 2*n**3/3 + 17*n**2. Calculate i(5).
-4
Let v(i) = i + 4. Let g(u) = -u**2 + 7*u - 7. Let z be g(4). Suppose -z*s = -k + 14, -5*k - 2*s + 26 = -5*s. Let c be (-18)/k*(-28)/(-21). What is v(c)?
-2
Let l(y) be the second derivative of -y**5/30 + y**4/8 + 5*y**2 - 8*y. Let c(m) be the first derivative of l(m). Calculate c(2).
-2
Let y be (-4)/(7 + -3) - (-2)/(-1). Let o(m) be the third derivative of m**4/24 + 2*m**3/3 + 12*m**2. Determine o(y).
1
Let o(f) = f**3 - 7*f**2 + 6*f - 6. Let t be 0*(-3 - -6)/(-3). Suppose -5*a - 1 + 16 = t. Suppose -3 = d + a*b, -4 + 7 = 3*d + 5*b. Calculate o(d).
-6
Let c be 2/23 + ((-154)/(-253))/(-7) + -5. Suppose -3*k + 1 = -2*k. Let p(x) = -3 - 2*x - 3 + k. What is p(c)?
5
Suppose 2*d + 2*d = 4. Let a(g) = -d - 3*g + 4 - g**3 + 2 - 7*g**2. Let q be -2*14/4 + 1. What is a(q)?
-13
Let s(i) = -2 - i + 2 + 1. Let u(l) = -l - 35. Let v(f) = -f - 17. Let a(t) = 2*u(t) - 5*v(t). Let r be a(-7). What is s(r)?
7
Let a(k) = -5*k + 3. Let f(j) = 3*j + 9. Let u be f(-4). Let c be -1 - (0/5 + u). Suppose 9 = -c*r - 5*s - 7, -6 = -r + s. What is a(r)?
-7
Let c(l) = l**2 - l - 6. Let v = 0 - 0. Let b be c(v). Let h(p) = -13*p - 7 - 12*p - 8*p + 35*p - 3*p. Give h(b).
-1
Let c(r) = 521 - 246 - 5*r - 242. Give c(10).
-17
Let c(h) = 4*h - 23. Let g be c(7). Let k(p) = -g*p + p + 5*p + 1. Give k(-7).
-6
Let j be (8 + -8)/(2 - 0). Suppose j*x - 4*x = -4. Let s(n) = -n**2 + n**2 - 5*n**3 + n - n**2 + n - 1. What is s(x)?
-5
Let p(a) = -a**2 + 5*a - 6. Let r = 29 - 27. Let h(s) = 0*s + 8*s - 1 - s**r - 7*s. Let t(d) = -6*h(d) + p(d). Give t(2).
18
Let n(h) be the third derivative of 0*h + 1/360*h**6 + 9*h**2 - 1/60*h**5 + 7/6*h**3 + 1/24*h**4 + 0. Let q(b) be the first derivative of n(b). Give q(4).
9
Suppose -18 = -4*x + 3*z, -4*x - 3*z - 9 = -5*x. Suppose -x*k = -1 - 8. Let m(l) = 8*l + 2. Let h(s) = 7*s + 2. Let i(g) = 7*h(g) - 6*m(g). Calculate i(k).
5
Let w(h) = -9*h**3 + 20*h**2 + 24*h + 20. Let y(l) = 5*l**3 - 10*l**2 - 13*l - 10. Let f(x) = -6*w(x) - 11*y(x). Determine f(-10).
0
Let y(t) = -t**2 - 5*t - 1. Let g be y(-9). Let q = 41 + g. Let k(o) = -o**3 + 4*o**2 + o + 3. Give k(q).
7
Let g(q) be the first derivative of -5/3*q**3 + 16 - 1/4*q**4 + 6*q + 3/2*q**2. Determine g(-4).
-22
Let h(y) = -4 - 3 + 7 + 1 + 2*y. Give h(-1).
-1
Let d(y) = 2*y + 4. Suppose -2*g + 22 + 0 = 4*q, 0 = -4*g + 12. Determine d(q).
12
Suppose -8 = 3*n - 3*m + 4, 2*m = 3*n + 11. Let w(c) = c**2 - c - 1. Let f(j) = -4*j**2 + 9. Let h(s) = n*w(s) - f(s). Calculate h(-5).
4
Let v(w) = w + 15. Let i be v(-13). Let x(s) = -10*s + i*s**2 - 1 - 4 + 3*s - 8*s**2 - s**3. Calculate x(-5).
5
Let i = -176 - -181. Let g(z) = -z + 12. What is g(i)?
7
Suppose 24*d - 35*d = 11. Let o(w) be the third derivative of -w**6/20 - w**3/6 + 10*w**2. What is o(d)?
5
Let l(k) be the first derivative of 4 - 1/4*k**4 - k - 3*k**2 + 2*k**3. Suppose -5*x = -2*x + 2*n - 11, -x + 9 = -2*n. Calculate l(x).
-6
Let q(r) = -r**3 + 7*r**2 - 6*r - 1. Let l(v) = 15*v - 429. Let h be l(29). What is q(h)?
-1
Let q(s) = s**3 - 9*s**2 - s + 6. Let z(y) = -5 + 3 + 2*y + 11. Let w be (-1)/(-1)*0/6. Let t be z(w). Calculate q(t).
-3
Let o(u) = -2*u**3 - 94*u**2 - 91*u + 43. Let d be o(-46). Let k(t) = -t**2 + 3*t + 8. Determine k(d).
-10
Let c be (0 - 0) + -3 - -5. Suppose -5 = -3*z - c. Let x(v) = -v**2 + v. Determine x(z).
0
Suppose -2*c + 2*t - 4 = 0, 0 = c - 2*c + 4*t - 17. Let k(h) = -h**3 - 10 + c*h + 8*h**2 - 2*h - 2*h + 3*h. Calculate k(8).
6
Let v(j) = -j - 7. Let y be 4/2*(-3 - -4). Let a be (y/4)/((-2)/(-8)). Suppose 15 = -5*l - a*c, -7 = 2*l - c - 1. Calculate v(l).
-4
Let h(f) = -f**3 + 6*f**2 - 4*f - 2. Suppose -5*m + 3*m = -8. Let s be (4 + 1 - 4) + m. Calculate h(s).
3
Suppose 0 = 5*z + 3*d + 2*d - 30, -34 = -3*z + d. Suppose x + 22 = -4*x - k, k + z = -2*x. Let t(j) be the first derivative of -j**2/2 + 3. Calculate t(x).
4
Suppose 0 = -2*l + 5*l - 9. Let f be l/((3 - 6) + 4). Let g(v) = v - f*v + v**2 - 5 + 4*v - 8*v. What is g(5)?
-10
Let y(g) = 8*g + 10. Let o(z) = -21*z - 29. Let q(x) = -4*o(x) - 11*y(x). What is q(0)?
6
Let f(v) = -v**2 - 8*v - 2. Let m be (-6)/3*1 + -5. Calculate f(m).
5
Let g(v) = -4*v + 14. Let i(s) = 1. Let l(z) = -g(z) + 12*i(z). Calculate l(1).
2
Let m(o) = 5*o + 1. Let a(c) = 3*c + 1. Let w(b) = 3*a(b) - 2*m(b). Calculate w(-4).
5
Let v(g) = -g**3 + 4*g**2 - 2*g + 6. Suppose -4 = -3*q - b, -3*q + 4*b + 6 + 23 = 0. Suppose 19 = 4*n + q*o, 2*o - 7*o = -n - 1. What is v(n)?
-2
Let r(d) = d**3 - 6*d**2 + 5*d + 1. Let f = 52 + -51. Let b be 4 + (f - -4) + -4. Calculate r(b).
1
Let v(g) = g**3 + 6*g**2 - 19*g - 10. Let m be v(-8). Let h(y) = -3*y + 2 + m*y - 10*y. Let l be 4/14 + 27/(-21). Calculate h(l).
1
Let i(o) be the second derivative of -o**4/12 + 2*o**3/3 + o**2 - 5*o. Suppose -3*y - 2*g - 54 = 0, -5*y - 3*g - 88 = g. Let w be 2*(0 + y/(-8)). What is i(w)?
-3
Let x(o) be the second derivative of -o**4/8 - o**3/3 - 13*o**2 + 2*o. Let u(f) be the first derivative of x(f). Determine u(-4).
10
Let f = 7 + -3. Let j = -409 - -610. Let s(l) = 105*l + l**3 - j*l + 102*l - 5*l**2 - 4. Determine s(f).
4
Let a be (-2)/(-10) + -1 + (-96)/(-20). Let w(x) = -a*x + 5*x - 2*x**2 + x**2 + 2. Let n be 2/3 + 8/6. Determine w(n).
0
Suppose -8*u = -5*u - 21. Suppose -u*b + 32 = b. Let w(s) = s**2 - 4*s + 6. Give w(b).
6
Let o(j) = 4*j**2 + 2*j. Let x(n) be the first derivative of 8/3*n**3 + 5/2*n**2 - 2 + 0*n. Let s(z) = 7*o(z) - 3*x(z). Calculate s(2).
14
Let s(n) = 6*n**3 + 2*n**2 - 1. Let v(l) = l**2 - 8*l - 1. Let g(h) = -5*h - 7. Let a be g(-3). Let m be v(a). What is s(m)?
-5
Let t(l) = l**3 - 5*l**2 + 4*l - 6. Let g be ((-6)/4 + 2)*2. Let m(x) = -x - 4. Let r be m(-8). Let u be r*(-3)/(g - 4). What is t(u)?
-6
Let x(u) = u**3 - 6*u**2 + u - 3. Suppose 2*z = 0, 5*z - 13 = -b + 5. Suppose -22*j + 19*j = -b. G